{"id":21,"date":"2020-12-16T14:56:17","date_gmt":"2020-12-16T13:56:17","guid":{"rendered":"http:\/\/www.taglioni.net\/cms\/?page_id=21"},"modified":"2026-03-23T12:51:29","modified_gmt":"2026-03-23T11:51:29","slug":"enseignements","status":"publish","type":"page","link":"http:\/\/www.taglioni.net\/cms\/enseignements\/","title":{"rendered":"Enseignements"},"content":{"rendered":"\n<p class=\"has-text-align-center has-text-color\" id=\"top\" style=\"color:#0071a1;font-size:18px\"><a href=\"http:\/\/taglioni.net\/Enseignement\/#2025\" data-type=\"link\" data-id=\"http:\/\/taglioni.net\/Enseignement\/#2024\"><strong>Ann\u00e9e acad\u00e9mique 2025-2026<\/strong><\/a><br><strong><a href=\"http:\/\/taglioni.net\/Enseignement\/#2024\" data-type=\"link\" data-id=\"http:\/\/taglioni.net\/Enseignement\/#2024\">Ann\u00e9e acad\u00e9mique 2024-2025<\/a><\/strong><br><strong><a href=\"http:\/\/taglioni.net\/Enseignement\/#2023\">Ann\u00e9e acad\u00e9mique 2023-2024<\/a><\/strong><br><strong><a href=\"http:\/\/taglioni.net\/Enseignement\/#2022\">Ann\u00e9e acad\u00e9mique 2022-2023<\/a><\/strong><br><strong><a href=\"http:\/\/taglioni.net\/Enseignement\/#2021\">Ann\u00e9e acad\u00e9mique 2021-2022<\/a><\/strong><br><strong><a href=\"http:\/\/www.taglioni.net\/Enseignement\/#2020\">Ann\u00e9e acad\u00e9mique 2020-2021<br><\/a><a href=\"http:\/\/www.taglioni.net\/Enseignement\/#2019\">Ann\u00e9e acad\u00e9mique 2019-2020<br>Ann\u00e9e acad\u00e9mique 2018-2019<br><\/a><a href=\"http:\/\/www.taglioni.net\/Enseignement\/#2017\">Ann\u00e9e acad\u00e9mique 2017-2018<br><\/a><a href=\"http:\/\/www.taglioni.net\/Enseignement\/#2016\">Ann\u00e9e acad\u00e9mique 2016-2017<br><\/a><a href=\"http:\/\/www.taglioni.net\/Enseignement\/#2015\">Ann\u00e9e acad\u00e9mique 2015-2016<br><\/a><a href=\"http:\/\/www.taglioni.net\/Enseignement\/#2014\">Ann\u00e9e acad\u00e9mique 2014-2015<br><\/a><a href=\"http:\/\/www.taglioni.net\/Enseignement\/#2013\">Ann\u00e9e acad\u00e9mique 2013-2014<br><\/a><a href=\"http:\/\/www.taglioni.net\/Enseignement\/#2012\">Ann\u00e9e acad\u00e9mique 2012-2013<br><\/a><a href=\"http:\/\/www.taglioni.net\/Enseignement\/#2011\">Ann\u00e9e acad\u00e9mique 2011-2012<br><\/a><a href=\"http:\/\/www.taglioni.net\/Enseignement\/#2010\">Ann\u00e9e acad\u00e9mique 2010-2011<br><\/a><a href=\"http:\/\/www.taglioni.net\/Enseignement\/#2009\">Ann\u00e9e acad\u00e9mique 2009-2010<br><\/a><a href=\"http:\/\/www.taglioni.net\/Enseignement\/#2005\">Ann\u00e9e acad\u00e9mique 2005-2008<\/a><br><a href=\"http:\/\/www.taglioni.net\/Enseignement\/#1998\">Ann\u00e9e acad\u00e9mique 1998-2005<\/a><br><a href=\"http:\/\/www.taglioni.net\/Enseignement\/#etranger\">Cours dans des universit\u00e9s \u00e9trang\u00e8res et d&rsquo;outre-mers<\/a><\/strong><\/p>\n\n\n\n<figure class=\"wp-block-table\"><table class=\"has-background\" style=\"background-color:#f3f4f5\"><tbody><tr><td class=\"has-text-align-center\" data-align=\"center\"><a href=\"http:\/\/www.taglioni.net\/cms\/activites-scientifiques\/\" data-type=\"URL\"><\/a><a href=\"http:\/\/www.taglioni.net\/cms\/activites-scientifiques\/\"><strong>Activit\u00e9s scientifiques<\/strong><\/a><\/td><td class=\"has-text-align-center\" data-align=\"center\"><a href=\"http:\/\/www.taglioni.net\/cms\/enseignements\/\"><\/a><a href=\"http:\/\/www.taglioni.net\/cms\/parcours\"><strong>Parcours<\/strong><\/a><\/td><td class=\"has-text-align-center\" data-align=\"center\"><a href=\"http:\/\/www.taglioni.net\/cms\/\"><strong>Page d&rsquo;accueil<\/strong><\/a><\/td><\/tr><\/tbody><\/table><\/figure>\n\n\n\n<p><\/p>\n","protected":false},"excerpt":{"rendered":"<p>Ann\u00e9e acad\u00e9mique 2025-2026Ann\u00e9e acad\u00e9mique 2024-2025Ann\u00e9e acad\u00e9mique 2023-2024Ann\u00e9e acad\u00e9mique 2022-2023Ann\u00e9e acad\u00e9mique 2021-2022Ann\u00e9e acad\u00e9mique 2020-2021Ann\u00e9e acad\u00e9mique 2019-2020Ann\u00e9e acad\u00e9mique 2018-2019Ann\u00e9e acad\u00e9mique 2017-2018Ann\u00e9e acad\u00e9mique 2016-2017Ann\u00e9e acad\u00e9mique 2015-2016Ann\u00e9e acad\u00e9mique 2014-2015Ann\u00e9e acad\u00e9mique 2013-2014Ann\u00e9e acad\u00e9mique 2012-2013Ann\u00e9e acad\u00e9mique 2011-2012Ann\u00e9e acad\u00e9mique 2010-2011Ann\u00e9e acad\u00e9mique 2009-2010Ann\u00e9e acad\u00e9mique 2005-2008Ann\u00e9e acad\u00e9mique 1998-2005Cours dans des universit\u00e9s \u00e9trang\u00e8res et d&rsquo;outre-mers Activit\u00e9s scientifiques Parcours Page d&rsquo;accueil<\/p>\n","protected":false},"author":1,"featured_media":0,"parent":0,"menu_order":0,"comment_status":"closed","ping_status":"closed","template":"","meta":{"footnotes":""},"class_list":["post-21","page","type-page","status-publish","hentry","entry"],"_links":{"self":[{"href":"http:\/\/www.taglioni.net\/cms\/wp-json\/wp\/v2\/pages\/21","targetHints":{"allow":["GET"]}}],"collection":[{"href":"http:\/\/www.taglioni.net\/cms\/wp-json\/wp\/v2\/pages"}],"about":[{"href":"http:\/\/www.taglioni.net\/cms\/wp-json\/wp\/v2\/types\/page"}],"author":[{"embeddable":true,"href":"http:\/\/www.taglioni.net\/cms\/wp-json\/wp\/v2\/users\/1"}],"replies":[{"embeddable":true,"href":"http:\/\/www.taglioni.net\/cms\/wp-json\/wp\/v2\/comments?post=21"}],"version-history":[{"count":32,"href":"http:\/\/www.taglioni.net\/cms\/wp-json\/wp\/v2\/pages\/21\/revisions"}],"predecessor-version":[{"id":164,"href":"http:\/\/www.taglioni.net\/cms\/wp-json\/wp\/v2\/pages\/21\/revisions\/164"}],"wp:attachment":[{"href":"http:\/\/www.taglioni.net\/cms\/wp-json\/wp\/v2\/media?parent=21"}],"curies":[{"name":"wp","href":"https:\/\/api.w.org\/{rel}","templated":true}]}}