{"id":15,"date":"2020-12-16T14:50:24","date_gmt":"2020-12-16T13:50:24","guid":{"rendered":"http:\/\/www.taglioni.net\/cms\/?page_id=15"},"modified":"2021-01-29T14:35:53","modified_gmt":"2021-01-29T13:35:53","slug":"activites-scientifiques","status":"publish","type":"page","link":"http:\/\/www.taglioni.net\/cms\/activites-scientifiques\/","title":{"rendered":"Activit\u00e9s scientifiques"},"content":{"rendered":"\n<p class=\"has-text-align-left has-text-color\" style=\"color:#0071a1;font-size:18px\"><a href=\"http:\/\/www.taglioni.net\/Recherche\"><strong>Menu<\/strong><\/a><br><strong><a href=\"http:\/\/www.taglioni.net\/Recherche\/#articles\">Articles, ouvrages, posters et rapports scientifiques<\/a><br><a href=\"http:\/\/www.taglioni.net\/Recherche\/#colloques\">Communications, organisations et participations \u00e0 des colloques et s\u00e9minaires<br><\/a><a href=\"http:\/\/www.taglioni.net\/Recherche\/#entretiens\">Entretiens radiophoniques, t\u00e9l\u00e9vis\u00e9s et journalistiques<\/a><br><a href=\"http:\/\/www.taglioni.net\/Recherche\/#insertions\">Insertions scientifiques<\/a><br><a href=\"http:\/\/www.taglioni.net\/Recherche\/#responsabilites\">Responsabilit\u00e9s scientifiques, p\u00e9dagogiques et administratives<br><\/a><a href=\"http:\/\/www.taglioni.net\/Recherche\/#editorial\">Responsabilit\u00e9s \u00e9ditoriales<br><\/a><a href=\"http:\/\/www.taglioni.net\/Recherche\/#theseencours\">Directions de th\u00e8se de doctorat et d&rsquo;Habilitation \u00e0 diriger des recherches<br><\/a><a href=\"http:\/\/www.taglioni.net\/Recherche\/#programmerecherche\">Directions et participations aux programmes de recherche<br><\/a><a href=\"http:\/\/www.taglioni.net\/Recherche\/#associations\">Membre d&rsquo;associations scientifiques<br><\/a><a href=\"http:\/\/www.taglioni.net\/Recherche\/#missions\">Missions de terrain<\/a><\/strong><br><strong><a href=\"http:\/\/www.taglioni.net\/Recherche\/#formation\">Formation acad\u00e9mique<\/a><br><a href=\"http:\/\/www.taglioni.net\/Recherche\/#plus\">Les plus<\/a><\/strong><\/p>\n\n\n\n<figure class=\"wp-block-table\"><table class=\"has-subtle-light-gray-background-color has-background\"><tbody><tr><td class=\"has-text-align-center\" data-align=\"center\"><a href=\"http:\/\/www.taglioni.net\/cms\/parcours\"><strong>Parcours<\/strong><\/a><\/td><td class=\"has-text-align-center\" data-align=\"center\"><a href=\"http:\/\/www.taglioni.net\/cms\/enseignements\/\"><strong>Enseignements<\/strong><\/a><\/td><td class=\"has-text-align-center\" data-align=\"center\"><a href=\"http:\/\/www.taglioni.net\/cms\/\"><strong>Page d&rsquo;accueil<\/strong><\/a><\/td><\/tr><\/tbody><\/table><\/figure>\n\n\n\n<p><\/p>\n","protected":false},"excerpt":{"rendered":"<p>MenuArticles, ouvrages, posters et rapports scientifiquesCommunications, organisations et participations \u00e0 des colloques et s\u00e9minairesEntretiens radiophoniques, t\u00e9l\u00e9vis\u00e9s et journalistiquesInsertions scientifiquesResponsabilit\u00e9s scientifiques, p\u00e9dagogiques et administrativesResponsabilit\u00e9s \u00e9ditorialesDirections de th\u00e8se de doctorat et d&rsquo;Habilitation \u00e0 diriger des recherchesDirections et participations aux programmes de rechercheMembre d&rsquo;associations scientifiquesMissions de terrainFormation acad\u00e9miqueLes plus Parcours Enseignements Page d&rsquo;accueil<\/p>\n","protected":false},"author":1,"featured_media":0,"parent":0,"menu_order":0,"comment_status":"closed","ping_status":"closed","template":"","meta":{"footnotes":""},"class_list":["post-15","page","type-page","status-publish","hentry","entry"],"_links":{"self":[{"href":"http:\/\/www.taglioni.net\/cms\/wp-json\/wp\/v2\/pages\/15","targetHints":{"allow":["GET"]}}],"collection":[{"href":"http:\/\/www.taglioni.net\/cms\/wp-json\/wp\/v2\/pages"}],"about":[{"href":"http:\/\/www.taglioni.net\/cms\/wp-json\/wp\/v2\/types\/page"}],"author":[{"embeddable":true,"href":"http:\/\/www.taglioni.net\/cms\/wp-json\/wp\/v2\/users\/1"}],"replies":[{"embeddable":true,"href":"http:\/\/www.taglioni.net\/cms\/wp-json\/wp\/v2\/comments?post=15"}],"version-history":[{"count":29,"href":"http:\/\/www.taglioni.net\/cms\/wp-json\/wp\/v2\/pages\/15\/revisions"}],"predecessor-version":[{"id":146,"href":"http:\/\/www.taglioni.net\/cms\/wp-json\/wp\/v2\/pages\/15\/revisions\/146"}],"wp:attachment":[{"href":"http:\/\/www.taglioni.net\/cms\/wp-json\/wp\/v2\/media?parent=15"}],"curies":[{"name":"wp","href":"https:\/\/api.w.org\/{rel}","templated":true}]}}